103
What is the remainder when 133 is divided by 36?
25
What is the remainder when 669 is divided by 151?
65
What is the remainder when 1277 is divided by 213?
212
What is the remainder when 249 is divided by 129?
120
What is the remainder when 275 is divided by 72?
59
Calculate the remainder when 1437 is divided by 16.
13
Calculate the remainder when 17683 is divided by 24.
19
What is the remainder when 79 is divided by 7?
2
Calculate the remainder when 14849 is divided by 11.
10
What is the remainder when 1429 is divided by 103?
90
Calculate the remainder when 963 is divided by 235.
23
What is the remainder when 334 is divided by 112?
110
What is the remainder when 1455 is divided by 28?
27
What is the remainder when 1154 is divided by 7?
6
Calculate the remainder when 2722 is divided by 2716.
6
What is the remainder when 686 is divided by 31?
4
Calculate the remainder when 143 is divided by 48.
47
What is the remainder when 165 is divided by 55?
0
Calculate the remainder when 49 is divided by 2.
1
What is the remainder when 1956 is divided by 279?
3
What is the remainder when 201 is divided by 68?
65
What is the remainder when 1026 is divided by 21?
18
What is the remainder when 3980 is divided by 147?
11
What is the remainder when 119 is divided by 41?
37
Calculate the remainder when 120 is divided by 118.
2
What is the remainder when 391 is divided by 83?
59
What is the remainder when 421 is divided by 102?
13
Calculate the remainder when 261 is divided by 111.
39
What is the remainder when 41 is divided by 26?
15
What is the remainder when 254 is divided by 53?
42
Calculate the remainder when 77 is divided by 8.
5
What is the remainder when 120 is divided by 37?
9
What is the remainder when 11901 is divided by 62?
59
Calculate the remainder when 214 is divided by 102.
10
Calculate the remainder when 137 is divided by 6.
5
What is the remainder when 213 is divided by 21?
3
What is the remainder when 135 is divided by 21?
9
What is the remainder when 337 is divided by 20?
17
Calculate the remainder when 143 is divided by 91.
52
What is the remainder when 1573 is divided by 8?
5
What is the remainder when 1240 is divided by 557?
126
Calculate the remainder when 3148 is divided by 175.
173
What is the remainder when 323 is divided by 316?
7
What is the remainder when 350 is divided by 27?
26
Calculate the remainder when 19326 is divided by 16.
14
Calculate the remainder when 281 is divided by 73.
62
What is the remainder when 1355 is divided by 30?
5
Calculate the remainder when 377 is divided by 98.
83
Calculate the remainder when 356 is divided by 179.
177
Calculate the remainder when 65 is divided by 58.
7
Calculate the remainder when 1122 is divided by 49.
44
What is the remainder when 80 is divided by 43?
37
Calculate the remainder when 7308 is divided by 133.
126
What is the remainder when 564 is divided by 7?
4
What is the remainder when 139 is divided by 35?
34
Calculate the remainder when 161 is divided by 41.
38
What is the remainder when 4971 is divided by 6?
3
What is the remainder when 705 is divided by 59?
56
Calculate the remainder when 348 is divided by 35.
33
Calculate the remainder when 747 is divided by 17.
16
Calculate the remainder when 741 is divided by 24.
21
Calculate the remainder when 339 is divided by 79.
23
What is the remainder when 169 is divided by 37?
21
What is the remainder when 145 is divided by 17?
9
What is the remainder when 249 is divided by 51?
45
What is the remainder when 205 is divided by 52?
49
What is the remainder when 55 is divided by 8?
7
What is the remainder when 566 is divided by 212?
142
Calculate the remainder when 6415 is divided by 338.
331
Calculate the remainder when 2422 is divided by 24.
22
Calculate the remainder when 320 is divided by 14.
12
What is the remainder when 187 is divided by 24?
19
What is the remainder when 435 is divided by 70?
15
Calculate the remainder when 17317 is divided by 23.
21
Calculate the remainder when 126 is divided by 8.
6
What is the remainder when 1272 is divided by 85?
82
What is the remainder when 5516 is divided by 15?
11
Calculate the remainder when 1529 is divided by 30.
29
Calculate the remainder when 86 is divided by 13.
8
Calculate the remainder when 4157 is divided by 18.
17
What is the remainder when 1154 is divided by 293?
275
Calculate the remainder when 675 is divided by 329.
17
Calculate the remainder when 55846 is divided by 24.
22
Calculate the remainder when 2282 is divided by 9.
5
Calculate the remainder when 123 is divided by 33.
24
What is the remainder when 522 is divided by 128?
10
What is the remainder when 1869 is divided by 12?
9
Calculate the remainder when 349 is divided by 27.
25
Calculate the remainder when 1101 is divided by 14.
9
What is the remainder when 1276 is divided by 6?
4
What is the remainder when 31 is divided by 22?
9
Calculate the remainder when 948 is divided by 25.
23
Calculate the remainder when 368 is divided by 26.
4
What is the remainder when 91 is divided by 11?
3
Calculate the remainder when 145 is divided by 55.
35
What is the remainder when 123 is divided by 22?
13
What is the remainder when 2106 is divided by 57?
54
Calculate the remainder when 345 is divided by 73.
53
What is the remainder when 197 is divided by 107?
90
Calculate the remainder when 170 is divided by 88.
82
Calculate the remainder when 366 is divided by 4.
2
What is the remainder when 174 is divided by 52?
18
What is the remainder when 605 is divided by 155?
140
What is the remainder when 359 is divided by 86?
15
Calculate the remainder when 128 is divided by 72.
56
What is the remainder when 71 is divided by 66?
5
What is the remainder when 2183 is divided by 84?
83
Calculate the remainder when 199 is divided by 11.
1
Calculate the remainder when 147 is divided by 27.
12
What is the remainder when 1945 is divided by 11?
9
Calculate the remainder when 218 is divided by 22.
20
What is the remainder when 908 is divided by 47?
15
Calculate the remainder when 197 is divided by 29.
23
What is the remainder when 66 is divided by 29?
8
What is the remainder when 279 is divided by 48?
39
What is the remainder when 127 is divided by 93?
34
Calculate the remainder when 107 is divided by 37.
33
Calculate the remainder when 7131 is divided by 29.
26
What is the remainder when 338 is divided by 159?
20
Calculate the remainder when 487 is divided by 62.
53
Calculate the remainder when 279 is divided by 28.
27
Calculate the remainder when 208 is divided by 30.
28
Calculate the remainder when 3684 is divided by 31.
26
What is the remainder when 359 is divided by 85?
19
What is the remainder when 369 is divided by 162?
45
Calculate the remainder when 83 is divided by 49.
34
What is the remainder when 842 is divided by 47?
43
What is the remainder when 124539 is divided by 306?
303
Calculate the remainder when 57 is divided by 17.
6
What is the remainder when 39957 is divided by 120?
117
What is the remainder when 162 is divided by 45?
27
What is the remainder when 12188 is divided by 115?
113
What is the remainder when 1016 is divided by 9?
8
Calculate the remainder when 520 is divided by 18.
16
Calculate the remainder when 18971 is divided by 153.
152
Calculate the remainder when 61 is divided by 7.
5
Calculate the remainder when 91 is divided by 16.
11
Calculate the remainder when 673 is divided by 46.
29
What is the remainder when 545 is divided by 148?
101
What is the remainder when 73 is divided by 37?
36
Calculate the remainder when 345 is divided by 39.
33
What is the remainder when 80 is divided by 15?
5
What is the remainder when 4082 is divided by 4?
2
What is the remainder when 1335 is divided by 36?
3
Calculate the remainder when 1101 is divided by 23.
20
Calculate the remainder when 719 is divided by 45.
44
Calculate the remainder when 1288 is divided by 363.
199
What is the remainder when 802 is divided by 379?
44
Calculate the remainder when 150 is divided by 20.
10
Calculate the remainder when 17884 is divided by 13.
9
Calculate the remainder when 1399 is divided by 98.
27
What is the remainder when 293 is divided by 143?
7
What is the remainder when 245 is divided by 15?
5
What is the remainder when 773 is divided by 97?
94
Calc